80 and 13300.
380
Calculate the highest common factor of 90459 and 7011.
171
What is the greatest common factor of 128 and 29120?
64
What is the greatest common factor of 552 and 46104?
24
What is the greatest common factor of 61 and 207827?
61
Calculate the highest common factor of 66404 and 39.
13
Calculate the greatest common divisor of 535150 and 77.
77
What is the greatest common factor of 345 and 35949?
69
What is the highest common factor of 80220 and 26358?
1146
What is the highest common divisor of 132174 and 336?
42
Calculate the greatest common divisor of 32832 and 25488.
432
What is the highest common factor of 8864 and 224?
32
What is the highest common factor of 10 and 21965?
5
What is the greatest common divisor of 330 and 2678346?
66
What is the greatest common divisor of 34 and 3306857?
17
Calculate the highest common factor of 3496 and 17328.
152
What is the greatest common factor of 12466290 and 30?
30
Calculate the greatest common divisor of 81356 and 44.
44
What is the highest common factor of 100 and 48860?
20
What is the greatest common divisor of 27 and 60777?
27
What is the highest common divisor of 56274 and 1328?
166
What is the greatest common divisor of 1470 and 290?
10
What is the greatest common divisor of 458565 and 30?
15
What is the greatest common divisor of 1586 and 21838?
122
Calculate the highest common factor of 346104 and 1710.
342
Calculate the highest common divisor of 151875 and 486.
243
Calculate the highest common factor of 4976 and 1232182.
622
What is the greatest common divisor of 2146 and 8526?
58
What is the highest common divisor of 6400306 and 22?
22
What is the greatest common divisor of 13924 and 17?
1
Calculate the highest common divisor of 314 and 20096.
314
What is the highest common divisor of 1652 and 308?
28
What is the highest common factor of 218250 and 1000?
250
Calculate the greatest common divisor of 251097 and 147.
21
What is the highest common divisor of 17251 and 533?
13
What is the greatest common factor of 6240 and 105?
15
What is the greatest common factor of 5452 and 2068?
188
Calculate the highest common factor of 3092 and 2400165.
773
What is the highest common factor of 1529 and 17611?
11
Calculate the greatest common divisor of 5836 and 132.
4
Calculate the greatest common factor of 15127 and 777.
7
Calculate the greatest common factor of 3 and 3579.
3
What is the greatest common factor of 49 and 128870?
49
Calculate the greatest common divisor of 8937 and 3789.
9
What is the greatest common factor of 429 and 442845?
39
What is the greatest common divisor of 216 and 16740?
108
Calculate the highest common factor of 5395 and 1508.
13
Calculate the greatest common factor of 4528 and 668.
4
What is the highest common divisor of 489576 and 48?
24
Calculate the highest common factor of 22 and 1854.
2
Calculate the greatest common divisor of 36100 and 2000.
100
Calculate the greatest common factor of 5 and 833135.
5
Calculate the highest common factor of 400638 and 126.
42
What is the highest common divisor of 14547 and 3?
3
Calculate the greatest common divisor of 80376 and 197.
197
Calculate the highest common divisor of 112180 and 158.
158
What is the highest common divisor of 512347 and 4955?
991
Calculate the greatest common divisor of 66650 and 179800.
1550
Calculate the greatest common divisor of 24625 and 1773.
197
Calculate the greatest common factor of 79540 and 19024.
164
What is the highest common divisor of 20 and 189220?
20
What is the greatest common factor of 10784334 and 22?
22
Calculate the greatest common factor of 13 and 39052.
13
Calculate the highest common divisor of 342 and 1137302.
38
What is the greatest common factor of 44700 and 2100?
300
Calculate the highest common divisor of 952 and 54536.
136
Calculate the greatest common factor of 4349133 and 9.
9
What is the greatest common factor of 8 and 95846?
2
Calculate the highest common factor of 210 and 132020.
70
What is the greatest common divisor of 666 and 80586?
666
What is the highest common divisor of 4342 and 1002?
334
Calculate the highest common factor of 8668760 and 40.
40
Calculate the highest common divisor of 1254 and 561108.
114
What is the highest common factor of 27348 and 4300?
172
What is the highest common factor of 5145 and 1344?
21
What is the greatest common factor of 1092587 and 172?
43
Calculate the highest common divisor of 377864 and 9536.
1192
What is the highest common factor of 742 and 8533?
371
Calculate the greatest common factor of 10 and 3684530.
10
Calculate the greatest common divisor of 7938 and 50058.
162
What is the highest common factor of 19304 and 380?
76
What is the greatest common divisor of 110235 and 15?
15
What is the highest common divisor of 205 and 3085?
5
What is the greatest common factor of 890 and 182450?
890
Calculate the highest common divisor of 4 and 12356.
4
What is the greatest common divisor of 57 and 17879?
19
Calculate the greatest common divisor of 519902 and 15280.
382
Calculate the greatest common divisor of 86882 and 2.
2
What is the greatest common divisor of 7570423 and 119?
119
Calculate the greatest common factor of 332 and 1079332.
332
Calculate the greatest common divisor of 870 and 2205885.
435
What is the greatest common factor of 408 and 1156?
68
Calculate the highest common divisor of 460161 and 27.
27
What is the highest common divisor of 14405 and 29885?
215
Calculate the highest common divisor of 90698 and 1796.
898
Calculate the highest common factor of 9 and 59121.
9
What is the greatest common factor of 542491 and 1687?
241
Calculate the highest common divisor of 95937 and 339.
339
What is the highest common factor of 205535 and 99?
11
What is the highest common factor of 18576 and 288?
144
Calculate the greatest common factor of 880 and 160.
80
Calculate the greatest common factor of 258 and 422346.
258
What is the greatest common divisor of 245 and 135436?
49
What is the highest common factor of 5 and 14755?
5
Calculate the highest common factor of 4672440 and 720.
360
Calculate the highest common divisor of 944 and 3068.
236
Calculate the greatest common divisor of 111874 and 28.
14
Calculate the greatest common factor of 3626372 and 578.
578
Calculate the highest common divisor of 278556 and 2004.
2004
Calculate the highest common factor of 723096 and 2376.
792
Calculate the highest common factor of 1560 and 90.
30
Calculate the highest common factor of 553 and 7994.
7
Calculate the highest common factor of 264 and 361416.
264
Calculate the greatest common divisor of 27008 and 1920.
128
What is the greatest common factor of 797456 and 187?
11
What is the highest common factor of 28 and 9124?
4
What is the highest common factor of 10539339 and 111?
111
What is the greatest common factor of 1574232 and 616?
88
What is the highest common divisor of 582188 and 8?
4
What is the greatest common divisor of 468 and 255240?
36
What is the highest common divisor of 451350 and 1575?
225
Calculate the highest common factor of 11509246 and 161.
161
Calculate the highest common factor of 1448 and 8420.
4
What is the greatest common divisor of 4827 and 33?
3
What is the highest common factor of 2959 and 468329?
269
Calculate the greatest common divisor of 18 and 10755.
9
What is the highest common divisor of 168 and 7390740?
84
Calculate the greatest common divisor of 2741204 and 16.
4
What is the greatest common divisor of 583 and 232617?
583
What is the greatest common divisor of 735 and 13665?
15
What is the greatest common factor of 38 and 8821909?
19
What is the greatest common factor of 260 and 602524?
52
What is the greatest common factor of 166 and 21194714?
166
What is the greatest common factor of 1590 and 4590?
30
Calculate the greatest common factor of 6890 and 520.
130
Calculate the highest common divisor of 8416 and 1504.
32
Calculate the highest common factor of 10622 and 1808.
226
Calculate the greatest common divisor of 2144 and 2848.
32
Calculate the highest common divisor of 2819882 and 65.
13
Calculate the highest common divisor of 4 and 121052.
4
What is the highest common divisor of 304240 and 340?
20
Calculate the highest common factor of 105 and 18330.
15
Calculate the greatest common divisor of 2794 